- 3*r + 13 - 11 + r**3. Calculate u(j).
10
Let s(k) = -12*k**3 - 3*k**2 + 2*k + 2. Let u(r) = 6*r**2 - 151*r - 128. Let c be u(26). What is s(c)?
-102
Let z(m) = m**2 - m - 34. Let a be (4 - (-28)/(-8))/(7 + (-1110)/160). What is z(a)?
22
Let c(r) = -4*r - 1. Suppose 4*o = -l + 132, -7*l + 2*l - 3*o = -643. Suppose l*d = 132*d + 8. Determine c(d).
7
Let w = 4 + 12. Let k = -21 - 5. Let h be (-100)/k + w/104. Let l(r) = -r + 3. Determine l(h).
-1
Let z be 29/(2030/1080) - (-9)/(-21). Let a(g) = -g**2 + 12*g + 36. Give a(z).
-9
Let q = -81 - -152. Suppose 63*o - q*o - 24 = 0. Let m(a) = a**3 + 6*a**2 + a. Calculate m(o).
24
Suppose -14803 = -9*m + 386*m - 3116. Let f(r) = -r**3 - 33*r**2 - 63*r + 36. Calculate f(m).
67
Let m be 9 - (-12 + 13)*10. Let n(p) = -5*p**2 + 2*p + 1. Determine n(m).
-6
Let b be 6/8 + -1 + (-18)/24. Let i be (-40)/(-30)*b/(-2)*9. Let r(n) = n**3 - 7*n - 2 - 2*n**2 + 6 + i*n**2 + 3*n. What is r(-5)?
-1
Let v(t) = -22*t**3 - t. Let b be (2/(-38))/(556/(-10564)). What is v(b)?
-23
Let v(w) = 219 - 134 + 651*w - 658*w. Give v(13).
-6
Let d be 4/6 - ((-60)/(-9) + -7). Let i(j) = 0*j - 3 + j - d. Calculate i(-5).
-9
Let c(p) = -22930 - 22938 - p**3 - 3*p**2 + 45874 + 6*p. Calculate c(-2).
-10
Let n(b) = 11*b**3 - b. Let f be (1 + -1)/((-1)/1). Let i be -3*3/9*f. Suppose -2*d + i*d = -2. Calculate n(d).
10
Suppose 0 + 16 = 7*y - 5. Let m(w) be the first derivative of -3 - 1/3*w**y - 4*w - 4*w**2. What is m(-5)?
11
Let n(o) = -o + 7. Let v = -24 + 64. Let i = -55 + 20. Let c = i + v. Give n(c).
2
Let b(t) = 5*t - 4*t - 2*t - 4 + 0. Let m be ((-16)/(-4))/2*1. Suppose -4 = m*s + 2. What is b(s)?
-1
Let c(g) = -7*g + 2. Let b(h) = -2*h - h + 4*h + 6*h - 5*h. Let y(r) = -5*b(r) - c(r). What is y(-2)?
4
Let n(h) = h**2 - 6*h + 4. Let c = 596 - 590. Determine n(c).
4
Let r be 35/4 + ((-294)/(-24) - 12). Let a(i) = 12*i - 17. Let h(j) = j - 1. Let t(d) = -2*a(d) + 22*h(d). What is t(r)?
-6
Let a(u) be the first derivative of 3*u**2 - 20*u + 2120. Calculate a(15).
70
Let z(l) = -11 - 1350*l + 1343*l + 78. Determine z(10).
-3
Let y(j) = j**2 + 27*j + 151. Let l be y(-9). Let s(b) be the second derivative of -b**5/20 - 11*b**4/12 + b**3/6 + 2*b**2 + 19*b. Determine s(l).
-7
Suppose 0 = 3*k - 1 + 7. Let l(m) = -m**3 - 10*m**2 - 10*m + 4. Let w be l(-9). Let v(d) = -12*d + 23*d - w*d. Calculate v(k).
4
Let q be 11/((-22)/6)*(-1)/(-3). Let n(f) = 58*f**2 + 4*f + 11. Let w(u) = 29*u**2 + 2*u + 5. Let d(v) = 4*n(v) - 9*w(v). What is d(q)?
-28
Suppose -6*a - 5*l - 1815 = -11*a, 2*l - 1069 = -3*a. Let w = a + -365. Let x(b) = -b**2 - 6*b - 8. Calculate x(w).
-8
Let k(l) = 2*l**3 - 3*l**2 + 7*l - 3. Let w be k(3). Suppose -8*s = s - w. Let x(r) = -r + r**3 - 3*r + 8*r + 3 - 10*r - s*r**2. Determine x(6).
3
Let y(p) = -4 - 4 + 2 - 3*p - 1 - 6. Give y(-2).
-7
Let t = 104 - 98. Let h(c) be the second derivative of -c**4/12 - c**3/6 + c**2/2 - 19*c + 7. Determine h(t).
-41
Let z(u) be the third derivative of -u**4/24 + 11*u**3/3 + 19*u**2. Let d be z(14). Let o(y) = -d*y + 4*y + y**2 + 2*y + y**3. Give o(-3).
-12
Suppose 0 = -p - 1 + 3. Let o(u) be the third derivative of 0*u**4 + 0*u + 0 - 5*u**2 + 1/6*u**3 - 1/60*u**5. Determine o(p).
-3
Let p(j) = -j**2 - 19*j - 64. Let i be ((-112)/(-35))/((28/(-20))/7). Calculate p(i).
-16
Let r(z) be the third derivative of z**5/60 - 2*z**4/3 - 8*z**3/3 - 557*z**2 + z + 2. Give r(16).
-16
Let k(f) = -16*f + 2. Let s(z) = -z**2 + 3*z - 1. Let b(j) = -k(j) - 5*s(j). Calculate b(-3).
45
Let n(s) = s**3 - 68*s**2 + 67*s - 2. Let b be n(67). Let m(f) = -2*f**2 + 47*f + 100. Calculate m(b).
-2
Let n(z) = -7*z - 23. Let c(m) = -4*m - 12. Let y(p) = -5*c(p) + 3*n(p). Suppose o + 859 = -4*t, 5*o - 29 = -4*t - 900. Let s = 209 + t. What is y(s)?
-4
Let l(k) be the third derivative of 41*k**6/120 - k**5/60 - 285*k**2 + 9*k. Calculate l(1).
40
Suppose 6 - 3 = -3*u. Let p(n) be the third derivative of n**2 + 1/24*n**4 + 0*n - 1/30*n**6 + 1/30*n**5 - 15 + 0*n**3. Determine p(u).
5
Let p(l) = 4*l + 20. Let r(k) = -2. Let j(w) = -2*p(w) - 22*r(w). Let v be 60/(-7 + 13) + -8. Give j(v).
-12
Let y(j) = -j**3 + 21*j**2 + 2*j - 42. Let u be y(21). Let p be u + -1 - (3 + -9). Let d(l) = 3*l**2 - 7*l + 3. Determine d(p).
43
Suppose 8*d = 6*d + w + 14, -14 = -2*d + 4*w. Suppose 0*h + d*h + 2*h = 0. Let o(u) = -u**3 - u**2 + u + 10. Give o(h).
10
Suppose 2*d - 4 = -q, q + 3*d - 2 - 6 = 0. Let g(x) = 6*x**2. Let c(i) = 11*i**2 - 3*i - 4. Let s(v) = c(v) - 2*g(v). Calculate s(q).
-8
Let c(h) be the first derivative of -h**4/4 - h**3 + 2*h**2 + 5*h - 50. Suppose -2*w + 7 = 5, -3*o + 5*w = 17. Give c(o).
5
Let b(g) = -10*g - 14. Suppose -4*f - 8 = 0, 6*r - 2 = 14*r + 5*f. What is b(r)?
-24
Suppose -10 = d + 4*t, 0*t = d + t - 2. Suppose -s - d = -5*u + 3, -2*u + 36 = 5*s. Let m(v) = 0*v + 0*v - 3*v + 5. Determine m(s).
-13
Suppose -706 + 146 = -35*u. Let i(j) = -j**2 + 9*j + 111. Determine i(u).
-1
Let c(n) = -5*n**2 + 8561*n - n**3 + 15 + 8541*n - 17096*n. Calculate c(-5).
-15
Let u be ((-3)/3 - -1) + 6/3. Let k(w) be the first derivative of 35 + 2*w - 26*w**u + w + 39*w**2 - 2*w. Give k(1).
27
Let n(b) = -9*b**2 - 13*b + 2. Suppose 21 = -5*o + 41. Let j(a) = 25*a**2 + 38*a - 6. Let u(v) = o*j(v) + 11*n(v). Calculate u(-8).
-10
Let c(j) = -19*j**2 + 4 + 8*j**2 + 53346*j - 53337*j + 10*j**2. What is c(3)?
22
Let i(n) = 19*n + 4. Let c = -252 + 253. Let z(k) = -k + 1. Let a(j) = c*i(j) - 5*z(j). Give a(-1).
-25
Let f be (-76)/(-171) - (-62)/(-18). Let w(l) = 2*l - 6. Let u be w(6). Let m(c) = 4*c - 3*c**2 - 2*c + 1 - u*c. What is m(f)?
-14
Let o(q) = -q**3 + 9*q**2 + 14*q - 10. Let s = -329 - -339. Give o(s).
30
Let j(y) = -y - 24. Let s(n) = -n**2 + 9*n - 16. Let t be s(7). Let m(w) = 3*w + 48. Let f(p) = t*m(p) - 5*j(p). Let a be f(19). Let b(u) = -u - 2. Give b(a).
-7
Suppose 5*k = -n + 165, k - 33 = 3*n - 6*n. Let w(s) = 30*s**3 - s**2 + 1. Let y be w(-1). Let r = y + k. Let t(p) = -p**3 + 2*p**2 + 4*p - 3. Give t(r).
0
Suppose 5*j + 4*v - 3559 = 0, -7*v + 10*v = j - 708. Let x(r) = j*r**2 - 2*r - 710*r**2 + 3 - 4*r. Give x(5).
-2
Let u be 17/5 + 2 + 12/(-30) + -7. Let w(s) = s**2 + 9*s + 18. What is w(u)?
4
Let h = -304 - -357. Let p = 60 - h. Let v(i) = i - 7 + 1 + 0*i. Calculate v(p).
1
Let r(j) = -j**3 - 5*j**2 + 4*j + 6. Suppose -13*o + 2742 = 5*p - 14*o, 5*o = 5*p - 2730. Let n = p - 554. Determine r(n).
-14
Let p(g) be the first derivative of g**4/4 + 7*g**3/3 + 3*g**2/2 + 10*g - 15. Let x(h) = -h**2 - 5*h + 7. Let q be x(-7). Give p(q).
-11
Let o(s) = -18*s - 4. Suppose 0 = -2*m - 2*f - 6, -4*m = -3*f + 25 - 6. Give o(m).
68
Let q(g) = -16*g + 8. Suppose -24 = -2*x + 3*a, -x - a + 0 = -2. Determine q(x).
-88
Let l(y) = -y**3 + 4*y**2 + 5*y - 19. Let k = -507 + 510. Give l(k).
5
Let j(d) be the first derivative of -d**4/12 - d**3/2 + 250*d + 253. Let v(c) be the first derivative of j(c). Give v(-3).
0
Let o(y) = 70*y + 924. Let v be o(-13). Let s(l) = 5*l - 12 - 3*l - 12. Determine s(v).
4
Let u(f) = 2*f + 7. Let n(v) = 4*v + 13. Let b(j) = -4*n(j) + 7*u(j). Suppose -9 = 2*a - 173. Let k = a + -76. What is b(k)?
-15
Let k(z) = 187*z + 45 + 180*z - 364*z. Let y be k(-14). Let d(x) be the second derivative of -x**3/2 + 2*x**2 - x. Determine d(y).
-5
Let m = -2 + 5. Suppose -17*w = -12*w - 5. Let u(y) = y - 3*y**2 + w + 7*y**3 - 5*y**3 - m*y**3. Calculate u(-3).
-2
Let y = -1593 + 1592. Let j(m) = -1 + 1 - 27*m + 30*m. Determine j(y).
-3
Suppose -9 = -3*u + 2*l - 1, u + 2*l = 0. Let q(h) = 3*h - 14*h - 5 - h**u + 4*h - 2*h. Suppose -3*t = -4*t - 8. Give q(t).
3
Let j be ((-3 - -10)/(-1))/(-1). Let s(p) = 4*p**2 + 15*p - 12. Let q be s(-5). Let f(t) = -3*t**2 + 10*t**2 - t**3 + 4 - q + 2*t. What is f(j)?
5
Let i(j) be the third derivative of 1/12*j**4 - 3/2*j**3 - 218*j**2 + 0*j + 0. Determine i(-6).
-21
Let z(d) = -2844*d**2 + 3 + 2*d + 2837*d**2 + 4. Give z(-2).
-25
Let t(i) be the first derivative of 29*i**5/120 + i**4/24 + 20*i**3/3 - 2*i + 161. Let c(p) be the third derivative of t(p). Calculate c(1).
30
Let x(w) = w**3 + 12*w**2 - 2*w + 21. Let z be ((-4)/6 - 2)/(((-144)/(-81))/8). Calculate x(z).
45
Suppose 0 = -8*m + 16*m + 216. Let k be (m/(-81))/((-2)/6). Let s(c) = 22*c + 1. Determine s(k).
-21
Let m(n) be the first 